vide 555796376?
True
Does 3 divide 7724857?
False
Does 2 divide 15213828?
True
Does 15 divide 6750384690?
True
Is 43299606 a multiple of 76?
False
Does 5 divide 8271155?
True
Is 159526921 a multiple of 155?
False
Does 39 divide 25920449?
False
Is 24798016 a multiple of 248?
True
Is 16 a factor of 98455289?
False
Is 324827229 a multiple of 4?
False
Is 5418493 a multiple of 173?
False
Does 46 divide 638095026?
True
Is 827 a factor of 628831779?
True
Does 152 divide 933890736?
True
Does 1391 divide 8302879?
True
Is 515136600 a multiple of 1836?
False
Is 3637723 a multiple of 136?
False
Is 400439413 a multiple of 823?
False
Does 17 divide 169890860?
True
Is 88 a factor of 217701792?
True
Does 52 divide 9174984?
True
Is 53 a factor of 54058093?
False
Is 672 a factor of 12271332?
False
Does 8 divide 56653936?
True
Is 1037 a factor of 24651564?
True
Does 293 divide 566964962?
True
Is 9 a factor of 88652978?
False
Is 68532257 a multiple of 51?
False
Is 73 a factor of 20621770?
True
Does 169 divide 470121157?
False
Is 25026713 a multiple of 3334?
False
Is 3 a factor of 21704270?
False
Is 173726750 a multiple of 1142?
True
Is 20 a factor of 42856540?
True
Is 464053447 a multiple of 3487?
True
Is 186 a factor of 329919360?
True
Does 277 divide 54011399?
True
Is 209475324 a multiple of 2468?
False
Is 232073296 a multiple of 50?
False
Does 34 divide 502298184?
True
Is 489811786 a multiple of 9776?
False
Is 329245488 a multiple of 3432?
True
Does 4427 divide 100120475?
False
Does 11 divide 348497831?
True
Is 3233098 a multiple of 6?
False
Is 19062454 a multiple of 1110?
False
Is 3001047932 a multiple of 2264?
False
Is 173902520 a multiple of 8?
True
Is 217431299 a multiple of 9?
False
Is 9598838 a multiple of 79?
False
Is 36227161 a multiple of 844?
False
Is 5036621966 a multiple of 15?
False
Is 539 a factor of 21056573?
False
Is 28769000 a multiple of 260?
True
Does 600 divide 3936706800?
True
Is 755559 a multiple of 58?
False
Is 4 a factor of 9444026?
False
Does 869 divide 6658278?
True
Is 749420245 a multiple of 9?
False
Is 778 a factor of 129522531?
False
Is 1813212476 a multiple of 22?
False
Is 955154139 a multiple of 15?
False
Is 170944577 a multiple of 1947?
False
Does 24 divide 2520277970?
False
Is 111 a factor of 203821974?
True
Is 683 a factor of 148745948?
False
Is 33 a factor of 3390325973?
False
Is 2 a factor of 48737686?
True
Does 1512 divide 583951278?
False
Does 50 divide 21648650?
True
Does 22 divide 115577576?
False
Is 972584220 a multiple of 15?
True
Does 44 divide 572068288?
True
Does 66 divide 23596248?
False
Does 265 divide 68112950?
True
Does 7482 divide 848346570?
True
Is 6 a factor of 134308632?
True
Does 53 divide 52933750?
True
Is 2403 a factor of 17482189?
False
Is 10 a factor of 4566914?
False
Is 13707360 a multiple of 36?
True
Does 6 divide 30158222?
False
Is 83149109 a multiple of 199?
False
Is 297587101 a multiple of 50?
False
Does 7319 divide 1320381318?
False
Is 104 a factor of 2570944792?
True
Does 520 divide 61114298?
False
Does 1005 divide 157973940?
True
Is 160916690 a multiple of 27?
False
Is 3398713122 a multiple of 123?
True
Does 760 divide 642912880?
True
Is 1358 a factor of 2733453276?
False
Is 45 a factor of 13018960?
False
Is 2956861872 a multiple of 36?
True
Does 413 divide 404195453?
False
Does 463 divide 946705725?
False
Is 828 a factor of 3701848?
False
Does 453 divide 17289198?
True
Does 40 divide 4510226?
False
Is 418 a factor of 135170750?
True
Is 457049902 a multiple of 19?
True
Is 13975918 a multiple of 22?
True
Is 10809518 a multiple of 38?
True
Is 6 a factor of 547678016?
False
Does 64 divide 139084480?
True
Is 763 a factor of 148333542?
False
Is 172 a factor of 62422639?
False
Does 32 divide 3232383?
False
Is 498 a factor of 49107780?
True
Is 231323098 a multiple of 163?
False
Does 33 divide 570706916?
False
Is 36819111 a multiple of 709?
False
Is 267728029 a multiple of 2026?
False
Is 14 a factor of 2198760172?
True
Is 164675718 a multiple of 9?
True
Is 43 a factor of 17345230?
False
Does 566 divide 1646400305?
False
Does 2195 divide 194874295?
True
Is 580 a factor of 159353840?
True
Is 68613005 a multiple of 15?
False
Is 3 a factor of 1350480?
True
Is 12 a factor of 232535880?
True
Is 2664677710 a multiple of 1006?
True
Does 1952 divide 1279130221?
False
Does 18 divide 1969550292?
False
Does 1105 divide 19448985?
False
Does 2974 divide 1076812268?
False
Does 1054 divide 66525318?
True
Is 290991120 a multiple of 15?
True
Is 92 a factor of 30263993?
False
Is 56 a factor of 442345039?
False
Does 1630 divide 321150548?
False
Is 11 a factor of 281850305?
True
Is 81 a factor of 107220839?
False
Does 52 divide 25592933?
False
Is 1159 a factor of 55055977?
True
Is 9 a factor of 9797616?
True
Does 47 divide 5998384246?
False
Does 1048 divide 136951592?
True
Does 10 divide 10285886?
False
Is 205303916 a multiple of 16?
False
Is 3131168 a multiple of 31?
False
Does 8199 divide 824245470?
True
Is 2064 a factor of 530895888?
True
Does 50 divide 49071100?
True
Is 25778944 a multiple of 171?
False
Does 704 divide 1480267008?
True
Is 41 a factor of 14734498?
True
Does 71 divide 83850716?
True
Does 1082 divide 122801590?
True
Is 12828 a factor of 543252972?
True
Is 21 a factor of 2854395330?
False
Does 1749 divide 254469006?
True
Is 10391 a factor of 309610236?
True
Is 58634748 a multiple of 12?
True
Is 39685899 a multiple of 4?
False
Is 60 a factor of 136651320?
True
Does 39 divide 431116677?
False
Does 171 divide 221023809?
False
Does 14 divide 55176703?
False
Does 13 divide 333430461?
True
Is 1904932491 a multiple of 11?
True
Does 379 divide 8654844?
True
Does 714 divide 55426122?
False
Does 13 divide 124982871?
True
Does 1154 divide 575110?
False
Does 152 divide 8976363?
False
Is 4439 a factor of 2261874694?
True
Is 361220195 a multiple of 46?
False
Does 909 divide 1169902998?
True
Is 2916 a factor of 448432064?
False
Is 124 a factor of 78133516?
True
Does 1036 divide 577495465?
False
Is 1521347465 a multiple of 114?
False
Does 12 divide 1224864233?
False
Is 8308257 a multiple of 41?
False
Is 548321375 a multiple of 25?
True
Does 29 divide 37190824?
False
Is 407 a factor of 43598154?
False
Is 2215111 a multiple of 79?
False
Does 25 divide 3224375?
True
Does 13 divide 116049813?
False
Does 102 divide 76409391?
False
Does 3701 divide 28194218?
True
Does 10 divide 5268957?
False
Is 1108 a factor of 6670160?
True
Does 9 divide 353521071?
True
Does 470 divide 195343245?
False
Is 260307116 a multiple of 2361?
False
Does 22 divide 261227802?
True
Is 213 a factor of 7171239?
False
Does 349 divide 330944708?
False
Is 26 a factor of 25032514?
True
Is 2045 a factor of 402288493?
False
Is 2673 a factor of 717008193?
True
Does 107 divide 24893657?
True
Is 811417261 a multiple of 6652?
False
Does 109 divide 101494042?
True
Is 316755 a multiple of 45?
True
Is 359025210 a multiple of 45?
True
Is 6593 a factor of 289413566?
False
Does 8 divide 918545911?
False
Is 5162 a factor of 55661846?
True
Does 164 divide 31197171?
False
Does 5165 divide 418232572?
False
Is 29 a factor of 97664779?
True
Is 93625065 a multiple of 135?
True
Is 54065700 a multiple of 18?
True
Is 235829416 a multiple of 61?
True
Is 7 a factor of 54607881?
False
Does 8 divide 106797352?
True
Is 1581 a factor of 839700720?
True
Does 68 divide 1225904?
True
Does 2291 divide 446428842?
True
Does 1111 divide 10229126?
False
Is 39096364 a multiple of 2005?
False
Is 2782702 a multiple of 2?
True
Is 3 a factor of 3076330?
False
Is 2 a factor of 1655361?
False
Is 21 a factor of 1027619815?
False
Does 1526 divide 188163430?
True
Is 25654804 a multiple of 14?
True
Is 97700274 a multiple of 7?
True
Is 203523893 a multiple of 63?
False
Is 3376694141 a multiple of 43?
False
Is 34075177 a multiple of 857?
True
Is 91270526 a multiple of 1774?
True
Does 5970 divide 3231626485?
False
Does 5 divide 73877582?
False
Is 112 a factor of 4933337902?
False
Is 23802833 a multiple of 443?
True
Is 749 a factor of 29213245?
False
Does 104 divide 444032264?
True
Is 7420950 a multiple of 15?
True
Is 12181130 a multiple of 10?
True
Does 15 divide 11277826?
False
Is 32 a factor of 2711568960?
True
Does 186 divide 51736830?
True
Is 90 a factor of 15168552?
False
Is 120839928 a multiple of 